, 113
What are the prime factors of 22524?
2, 3, 1877
What are the prime factors of 163?
163
List the prime factors of 17054.
2, 8527
What are the prime factors of 3875?
5, 31
List the prime factors of 1326.
2, 3, 13, 17
List the prime factors of 2829.
3, 23, 41
What are the prime factors of 40508?
2, 13, 19, 41
What are the prime factors of 14797?
14797
List the prime factors of 15123.
3, 71
What are the prime factors of 116404?
2, 29101
What are the prime factors of 496?
2, 31
List the prime factors of 822.
2, 3, 137
What are the prime factors of 142761?
3, 23, 2069
What are the prime factors of 1335?
3, 5, 89
List the prime factors of 2217.
3, 739
List the prime factors of 19712.
2, 7, 11
What are the prime factors of 14778?
2, 3, 821
List the prime factors of 142269.
3, 47, 1009
List the prime factors of 15320.
2, 5, 383
List the prime factors of 17121.
3, 13, 439
List the prime factors of 3219.
3, 29, 37
List the prime factors of 14828.
2, 11, 337
What are the prime factors of 13389?
3, 4463
What are the prime factors of 10019?
43, 233
List the prime factors of 2442.
2, 3, 11, 37
List the prime factors of 1697.
1697
What are the prime factors of 1281?
3, 7, 61
List the prime factors of 4999.
4999
List the prime factors of 869.
11, 79
List the prime factors of 138.
2, 3, 23
List the prime factors of 10475.
5, 419
List the prime factors of 36347.
19, 1913
List the prime factors of 1658.
2, 829
List the prime factors of 119745.
3, 5, 887
List the prime factors of 245.
5, 7
What are the prime factors of 1775?
5, 71
What are the prime factors of 20460?
2, 3, 5, 11, 31
List the prime factors of 4096.
2
List the prime factors of 3101.
7, 443
What are the prime factors of 83795?
5, 16759
What are the prime factors of 763?
7, 109
List the prime factors of 8091.
3, 29, 31
List the prime factors of 8366.
2, 47, 89
What are the prime factors of 60806?
2, 30403
What are the prime factors of 68667?
3, 47, 487
What are the prime factors of 118309?
193, 613
List the prime factors of 2433.
3, 811
List the prime factors of 10480.
2, 5, 131
What are the prime factors of 5105?
5, 1021
List the prime factors of 1454.
2, 727
List the prime factors of 39058.
2, 59, 331
What are the prime factors of 6453?
3, 239
What are the prime factors of 1024?
2
List the prime factors of 2222.
2, 11, 101
What are the prime factors of 21484?
2, 41, 131
List the prime factors of 431.
431
What are the prime factors of 1735?
5, 347
What are the prime factors of 288?
2, 3
List the prime factors of 98608.
2, 6163
What are the prime factors of 141103?
149, 947
What are the prime factors of 647?
647
List the prime factors of 6595.
5, 1319
List the prime factors of 3742.
2, 1871
List the prime factors of 1926.
2, 3, 107
What are the prime factors of 8591?
11, 71
List the prime factors of 8346.
2, 3, 13, 107
List the prime factors of 2582.
2, 1291
What are the prime factors of 57968?
2, 3623
What are the prime factors of 14093?
17, 829
List the prime factors of 29793.
3, 9931
What are the prime factors of 44205?
3, 5, 7, 421
What are the prime factors of 2514?
2, 3, 419
List the prime factors of 809.
809
List the prime factors of 4610.
2, 5, 461
What are the prime factors of 50?
2, 5
What are the prime factors of 849?
3, 283
What are the prime factors of 34011?
3, 3779
List the prime factors of 60056.
2, 7507
List the prime factors of 185.
5, 37
What are the prime factors of 1350?
2, 3, 5
List the prime factors of 20404.
2, 5101
List the prime factors of 9731.
37, 263
List the prime factors of 3476.
2, 11, 79
What are the prime factors of 29560?
2, 5, 739
What are the prime factors of 16036?
2, 19, 211
What are the prime factors of 396?
2, 3, 11
List the prime factors of 3501.
3, 389
List the prime factors of 16579.
59, 281
What are the prime factors of 2650?
2, 5, 53
What are the prime factors of 806?
2, 13, 31
What are the prime factors of 218?
2, 109
What are the prime factors of 1340?
2, 5, 67
What are the prime factors of 10420?
2, 5, 521
What are the prime factors of 453?
3, 151
What are the prime factors of 3590?
2, 5, 359
List the prime factors of 49106.
2, 43, 571
List the prime factors of 12355.
5, 7, 353
What are the prime factors of 2768?
2, 173
What are the prime factors of 5834?
2, 2917
List the prime factors of 4024.
2, 503
List the prime factors of 1552.
2, 97
List the prime factors of 25614.
2, 3, 1423
What are the prime factors of 26137?
59, 443
What are the prime factors of 129479?
7, 53, 349
List the prime factors of 7102.
2, 53, 67
What are the prime factors of 1997?
1997
What are the prime factors of 26308?
2, 6577
List the prime factors of 36843.
3, 12281
What are the prime factors of 2306?
2, 1153
List the prime factors of 27728.
2, 1733
What are the prime factors of 27892?
2, 19, 367
What are the prime factors of 2907?
3, 17, 19
What are the prime factors of 21790?
2, 5, 2179
What are the prime factors of 153251?
7, 21893
What are the prime factors of 404?
2, 101
List the prime factors of 1196.
2, 13, 23
List the prime factors of 2802.
2, 3, 467
What are the prime factors of 254?
2, 127
List the prime factors of 23663.
23663
What are the prime factors of 31?
31
List the prime factors of 1015.
5, 7, 29
List the prime factors of 673.
673
What are the prime factors of 1030?
2, 5, 103
What are the prime factors of 8577?
3, 953
List the prime factors of 1058.
2, 23
What are the prime factors of 40825?
5, 23, 71
What are the prime factors of 9559?
11, 79
What are the prime factors of 1212?
2, 3, 101
What are the prime factors of 2586?
2, 3, 431
List the prime factors of 1551.
3, 11, 47
What are the prime factors of 34787?
43, 809
List the prime factors of 646.
2, 17, 19
List the prime factors of 472.
2, 59
What are the prime factors of 1534?
2, 13, 59
List the prime factors of 53633.
53633
List the prime factors of 63051.
3, 21017
What are the prime factors of 143884?
2, 13, 2767
What are the prime factors of 1679?
23, 73
List the prime factors of 45066.
2, 3, 7, 29, 37
List the prime factors of 28353.
3, 13, 727
List the prime factors of 12045.
3, 5, 11, 73
List the prime factors of 19275.
3, 5, 257
What are the prime factors of 8729?
7, 29, 43
List the prime factors of 81277.
7, 17, 683
What are the prime factors of 6033?
3, 2011
What are the prime factors of 7121?
7121
List the prime factors of 138.
2, 3, 23
What are the prime factors of 16553?
16553
What are the prime factors of 4549?
4549
What are the prime factors of 39838?
2, 19919
What are the prime factors of 13284?
2, 3, 41
List the prime factors of 4892.
2, 1223
List the prime factors of 52854.
2, 3, 23, 383
List the prime factors of 1863.
3, 23
What are the prime factors of 128288?
2, 19, 211
What are the prime factors of 1141?
7, 163
List the prime factors of 1712.
2, 107
What are the prime factors of 13065?
3, 5, 13, 67
What are the prime factors of 11898?
2, 3, 661
What are the prime factors of 6383?
13, 491
What are the prime factors of 1765?
5, 353
List the prime factors of 9487.
53, 179
List the prime factors of 13941.
3, 1549
List the prime factors of 24765.
3, 5, 13, 127
What are the prime factors of 5329?
73
List the prime factors of 9427.
11, 857
List the prime factors of 3199.
7, 457
What are the prime factors of 82780?
2, 5, 4139
List the prime factors of 56775.
3, 5, 757
List the prime factors of 11627.
7, 11, 151
List the prime factors of 169.
13
What are the prime factors of 9946?
2, 4973
What are the prime factors of 1340?
2, 5, 67
List the prime factors of 39.
3, 13
List the prime factors of 1296.
2, 3
What are the prime factors of 157037?
157037
List the prime factors of 118386.
2, 3, 6577
What are the prime factors of 11574?
2, 3, 643
What are the prime factors of 3294?
2, 3, 61
List the prime factors of 1684.
2, 421
What are the prime factors of 1701?
3, 7
What are the prime factors of 6413?
11, 53
List the prime factors of 19291.
101, 191
List the prime factors of 3407.
3407
List the prime factors of 254.
2, 127
What are the prime factors of 40681?
17, 2393
What are the prime factors of 2832?
2, 3, 59
What are the prime factors of 32176?
2, 2011
What are the prime factors of 467?
467
What are the prime factors of 516?
2, 3, 43
List the prime factors of 1271.
31, 41
What are the 